= 3*b + 2*y, -5*b + 3*y + 685 = 248. What is the tens digit of b?
8
Let t(x) = -x**2 - 8*x + 11. Let k be t(-9). Let g be ((-24)/10)/(k/(-20)). Suppose -3*z - z + g = 0. What is the units digit of z?
6
Let t = -32 + 55. What is the units digit of t?
3
Let o(y) = -y + 2. Let h be o(-2). Suppose -h*d = d - 65. What is the units digit of d?
3
Suppose -5*j + 5*i - 35 = 0, -j + 5*i - 19 = -0. Let h = j - -13. What is the units digit of h?
9
Let j = -21 + 29. What is the units digit of (-2)/j - (-85)/20?
4
Let z(g) = -12*g + 8. Let w be z(-6). Suppose 8*b - 3*b - w = 0. What is the tens digit of b?
1
Let m = 41 - -13. What is the units digit of m?
4
Let l(o) = o**3 + 6*o**2 - 5*o + 5. Let a be l(-5). Suppose a = -3*g + 8*g. What is the units digit of g?
1
Let x(o) = -4*o + 2. Let s(b) = 11*b - 5. Let t(h) = 3*s(h) + 8*x(h). Let q = 17 + -11. What is the units digit of t(q)?
7
Suppose -3*z + 4*g = -95, 3*g - 23 = -4*z + 62. Suppose 2*j - 36 = 5*j. Let s = j + z. What is the units digit of s?
3
Suppose 0 = 4*u + 4*k - 28, u + 3*k + 3 + 0 = 0. Let g = u - -1. Suppose 2*s - 4*l = -16 + 46, -s + l = -g. What is the tens digit of s?
1
Suppose 0*s - 17 = s + 3*k, 31 = -5*s + 3*k. What is the units digit of (-51)/(-7) + s/28?
7
Suppose 117 = 3*l - 15. What is the units digit of l?
4
Let b(d) = -d + 8. Let r be b(9). Let l(j) = -3*j**3 - j**2 + 1. Let h be l(r). Suppose -23 - 10 = -h*p. What is the units digit of p?
1
Let c = 65 + -37. What is the units digit of c?
8
What is the tens digit of 846/15 - (-2)/(-5)?
5
Let v(q) = q + 4. Let o be v(-5). What is the tens digit of o - 26*(-3)/3?
2
What is the units digit of 2058/(-2)*(-6)/18 + -1?
2
Let v = 11 - 3. What is the tens digit of v/2 + 93/3?
3
Let k(v) = v**2 - 4*v - 2. Let z be k(-4). What is the units digit of (z/(-9) - -3)*-21?
7
Suppose 2*i = 5*s - 1 - 6, i - 24 = -3*s. Suppose -7 = -2*c + i. What is the units digit of c?
8
Suppose 0 = 5*o - 30 + 10. Let x be ((-20)/6)/(4/(-6)). Suppose o*v = x + 15. What is the units digit of v?
5
Suppose 0 = -4*c + t + 1370, 0*t = 5*t - 10. What is the hundreds digit of c?
3
Let z be 38/(-3)*42/(-4). Suppose -43 = 5*n - z. Suppose -1 = f, w + 2*w = -3*f + n. What is the units digit of w?
7
Let p = -25 + 62. What is the units digit of p?
7
Let a be (-50)/(-13) + 6/39. What is the tens digit of (3/a)/(5/180)?
2
Let g(o) = -4*o + 8. Let s(w) = -w + 1. Let z(f) = g(f) - 3*s(f). What is the units digit of z(3)?
2
Let i(c) = 3*c**2 + 3*c + 3. Let a = 0 - 2. What is the units digit of i(a)?
9
Let j = 16 + -13. Let d be (-6)/(-4)*(17 - -1). Suppose j*l = -5*u - d + 72, -l - 2 = -4*u. What is the tens digit of l?
1
Let x(m) = 4*m**3 + m**2 - m. Let t = 11 + -10. What is the units digit of x(t)?
4
Let f(d) = d. Let g(x) = x**2 + 3*x - 5. Let b(t) = -f(t) - g(t). Let p be b(-5). Suppose 5*u = -2*j + 70, p = j - 0*j. What is the tens digit of u?
1
Let w(d) be the second derivative of 0 + 1/20*d**5 + 1/3*d**3 + 3/2*d**2 - d - 1/4*d**4. What is the units digit of w(3)?
9
Suppose -8 = -5*o + o. Let q(s) = 4*s. What is the units digit of q(o)?
8
Suppose -14*w = -4*w - 990. What is the tens digit of w?
9
Let j(h) = 3*h**3 + h**2 + 6*h - 3. Let d be j(5). What is the units digit of (-2)/8 - d/(-28)?
5
Suppose 0 = -x + 2 - 0. Suppose 14 = x*d - 2*k, 1 = 2*k + 9. Suppose 0 = -5*i - 2*b - 2*b + 44, 5*i + d*b = 43. What is the units digit of i?
8
Let p = -74 - -247. What is the tens digit of p?
7
Let p(q) = -q**2 + 3*q - 2. Let o be p(2). Let z = o - -3. Suppose 0 = z*g - v - 20, g + v + 28 = 5*g. What is the units digit of g?
8
Suppose -v + 1 = -2*v. Let c be -3 + (v - -3) - 0. Let i = 2 - c. What is the units digit of i?
3
Suppose -3*t = -5*y - 971, 2*y - 1670 = -5*t - 0*y. What is the tens digit of t?
3
Suppose -5*y + 15 = 2*v, -4*y + 8 = 2*v - 2. Suppose -h + 9 = 4*h - 4*q, y*h - 45 = -5*q. What is the units digit of h?
5
Let p(z) = -z + 5. Let t be p(7). Let x be t*2 + (5 - 3). What is the tens digit of 4/x*52/(-8)?
1
Let v(i) = -i**3 + 5*i**2 + i - 3. Let c be v(5). Suppose -14 = -3*d + c*d. What is the units digit of d?
4
Let r = 4 - 4. Suppose 2*j + 47 = -5*a, -5*a - j - 6 - 40 = r. Let p = a - -18. What is the units digit of p?
9
Let p(i) be the second derivative of 3*i**3/2 - i. Let f(k) = -k - 5. Let h be f(-6). What is the units digit of p(h)?
9
Suppose 0 = 5*p - 97 - 58. What is the units digit of p?
1
Suppose v - 14 = 3*v. Let w(y) = -y**2 - 9*y - 1. What is the tens digit of w(v)?
1
Let x = -168 + 249. Suppose -3*t - 2*l - l = -x, 2*l = 4. What is the units digit of t?
5
Suppose 135 = 2*i + i. What is the tens digit of i?
4
Suppose 119 - 878 = -3*u. What is the hundreds digit of u?
2
Suppose -69 = -4*c - 0*c - 3*s, s + 73 = 4*c. Let h = -6 + c. What is the units digit of h?
2
Let a(b) = 11*b**2 - 8*b + 2. What is the tens digit of a(-3)?
2
Let z(v) = 4*v**3 - 3*v**2 - 3*v + 4. Let i(j) = j**3 + j**2 + 1. Let d(w) = 3*i(w) - z(w). What is the units digit of d(6)?
7
What is the units digit of 354/4*36/54?
9
Suppose -2*h = -8*h + 2262. What is the hundreds digit of h?
3
Let c(o) = 3*o - 3. Let h be c(3). Suppose h*j - 67 - 35 = 0. What is the units digit of j?
7
Let z(x) = 17*x + 3. Let h be z(-3). Let t = 101 + h. What is the units digit of t?
3
Suppose h = 5*b + 5*h + 78, b = -4*h - 22. Let z = b + 42. What is the units digit of z?
8
Let w be (0 - 1)/(0 + 1). Suppose 0 = 2*h - 2*r, 2*r = -0 + 4. Let z = w + h. What is the units digit of z?
1
Suppose -3*s - w + 498 = 4*w, -2*w = -4*s + 690. What is the tens digit of s?
7
Suppose 4*o - 5*p - 188 = 0, 3*p - 4*p - 47 = -o. What is the units digit of o?
7
Suppose y + 68 = 5*y - 4*q, 4*q - 28 = -2*y. What is the units digit of y?
6
Let b(y) = -3*y - 6. Let l = 4 - 9. What is the units digit of b(l)?
9
Let t = 5 + 3. What is the units digit of t?
8
Suppose -3*a = 5*h - 6*a - 22, -5*h = 3*a + 2. Let o = 0 + h. Let p(x) = x**3 - 2*x**2 + 2*x - 2. What is the units digit of p(o)?
2
Let w = -58 + 40. Let l = 5 + w. Let o = 18 + l. What is the units digit of o?
5
Let m(b) = 9*b**2 - 2*b + 1. Let l be m(1). Suppose 3*q = 3*a - l*a - 97, 5*a + 101 = q. What is the units digit of (2/5)/((-4)/a)?
2
Let r(y) = 2*y - 3. Let f be r(3). Let b be (f/5)/(4/20). Let l = b - 2. What is the units digit of l?
1
Let d(p) = -5 + p**2 + 3*p - 5 + 3*p + 0*p**2. Let y be d(-10). What is the units digit of 252/y + 4/(-10)?
8
Let g(z) = z**2 + z - 3. Let y be g(-3). What is the units digit of 8*(-2 + y - 0)?
8
Let j = 9 + -4. Suppose 0 = m + 3*m - j*d - 99, -2*m - 2*d + 54 = 0. What is the units digit of m?
6
Let l be (-1)/2*0 - -5. Suppose -y = -l*y + 52. What is the tens digit of y?
1
Let v be 3780/50 - (-4)/10. Let g = -53 + v. What is the units digit of g?
3
Suppose -3*z = 2 - 8. Suppose z*k = -0 + 2. Suppose 0 = -2*d - 4*v - 2, -3*d + 0*d = 4*v - k. What is the units digit of d?
3
Suppose 2*s - 17 = 3. Let d = s - -7. Let h = -10 + d. What is the units digit of h?
7
Suppose -5*y = -v + 46, 0 = 2*v + 2*y + 3*y - 77. What is the units digit of v?
1
Let k(l) = -l**3 - 4*l - 2 + 3*l**2 + 10*l + 5 - 6. What is the units digit of k(4)?
5
Let j = -1 - -23. Let p = j - 16. What is the units digit of p?
6
Let g be 3/(5/(-4) - -2). Suppose 0 = -r + g*r - 3. What is the units digit of r?
1
Let r = 7 - 6. What is the units digit of (0 + r - -23) + -3?
1
Suppose 3*d + v - 6 = 4*v, -v + 2 = 0. Suppose 5*z - 75 = d*m - m, z = -m + 23. What is the units digit of z?
8
Let p be 2 - (-1 + -4 + 3). Suppose 0 = -o - d + 3, 3*d = p*o + 5*d - 18. What is the units digit of 8 - o - (-1 + -5)?
8
Let i(w) = w**3 + 12*w**2 + 2*w + 17. What is the hundreds digit of i(-6)?
2
Let i(l) = 27*l**2 + 2*l + 4. Let w be i(4). What is the tens digit of w/42 - 8/14?
1
Let g(m) = m**3 + 13*m**2 + 5*m. What is the tens digit of g(-12)?
8
Let o be -1 - (-3)/(0 - -3). Suppose o = -2*c - g + 14, 0*g - 28 = -5*c + g. What is the units digit of c?
6
Let j = 171 + -104. Suppose 5*s - s - 50 = 2*q, -5*s + 4*q = -j. What is the tens digit of s?
1
Let c be -1 + 3 + 0 + 1. Suppose -r + 3*a + 14 = 0, 13 = -3*r + 8*r + 4*a. Suppose y + 53 = r*h, h + c*y - 11 = -h. What is the units digit of h?
0
Let z be 34/8 + 2/(-8). Let m(s) = s**3 - 2*s**2 - 3*s - 3. Let l be m(z). Let r = l + -11. What is the